{"id":56,"date":"2020-05-28T06:13:32","date_gmt":"2020-05-28T04:13:32","guid":{"rendered":"https:\/\/www.nurse4you.ch\/?page_id=56"},"modified":"2023-08-29T11:52:41","modified_gmt":"2023-08-29T09:52:41","slug":"team","status":"publish","type":"page","link":"https:\/\/www.nurse4you.ch\/index.php\/team\/","title":{"rendered":"Team"},"content":{"rendered":"\n<p class=\"has-text-align-left has-text-color\" style=\"color:#389c9c;font-size:60px;font-style:normal;font-weight:800\"><strong>Lernen Sie uns kennen<\/strong><\/p>\n\n\n\n<p class=\"has-text-align-left\">Vesna Widmer f\u00fchrt ein Team von qualifizierten Pflegepersonen, die gemeinsam die Beste Pflege f\u00fcr die Patientinnen und Patienten suchen. <\/p>\n\n\n\n<p class=\"has-text-align-left\">NURSE4YOU ist Teil eines interprofessionellen und hochqualifizierten Netzwerkes (dazu geh\u00f6ren verschiedene Institutionen, Haus\u00e4rzt:innen und Selbstst\u00e4ndige im Gesundheitsbereich). So wird sichergestellt, dass Patientinnen und Patienten bestm\u00f6glich versorgt werden. <\/p>\n\n\n\n<div style=\"height:38px\" aria-hidden=\"true\" class=\"wp-block-spacer\"><\/div>\n\n\n\n<div class=\"wp-block-media-text alignwide is-stacked-on-mobile\" style=\"grid-template-columns:40% auto\"><figure class=\"wp-block-media-text__media\"><img loading=\"lazy\" decoding=\"async\" width=\"1024\" height=\"683\" src=\"https:\/\/www.nurse4you.ch\/wp-content\/uploads\/IMG_5686-1024x683.jpg\" alt=\"\" class=\"wp-image-30 size-full\" srcset=\"https:\/\/www.nurse4you.ch\/wp-content\/uploads\/IMG_5686-1024x683.jpg 1024w, https:\/\/www.nurse4you.ch\/wp-content\/uploads\/IMG_5686-300x200.jpg 300w, https:\/\/www.nurse4you.ch\/wp-content\/uploads\/IMG_5686-768x512.jpg 768w, https:\/\/www.nurse4you.ch\/wp-content\/uploads\/IMG_5686-1536x1024.jpg 1536w, https:\/\/www.nurse4you.ch\/wp-content\/uploads\/IMG_5686-2048x1365.jpg 2048w\" sizes=\"(max-width: 1024px) 100vw, 1024px\" \/><\/figure><div class=\"wp-block-media-text__content\">\n<p class=\"has-small-font-size\">Vesna Widmer ist nach ihrer Ausbildung zur Diplomkrankenschwester und nach einer Familienpause in die ambulante Pflege eingestiegen. Zus\u00e4tzlich zu diversen Weiterbildungen wird Vesna Widmer im November 2023 ihren Master als Pflegeexpertin APN abschliessen.&nbsp;<\/p>\n\n\n\n<p class=\"has-small-font-size\"><strong>Abschl\u00fcsse und Weiterbildungen:<\/strong><br>Diabetesfachberatung<br>Intensivpflege<br>Wunde (MAS Woundcare)<br>Stoma (NDK)<br>Kontinenz<\/p>\n<\/div><\/div>\n\n\n\n<div style=\"height:69px\" aria-hidden=\"true\" class=\"wp-block-spacer\"><\/div>\n\n\n\n<div style=\"height:69px\" aria-hidden=\"true\" class=\"wp-block-spacer\"><\/div>\n","protected":false},"excerpt":{"rendered":"<p>Lernen Sie uns kennen Vesna Widmer f\u00fchrt ein Team von qualifizierten Pflegepersonen, die gemeinsam die Beste Pflege f\u00fcr die Patientinnen und Patienten suchen. NURSE4YOU ist Teil eines interprofessionellen und hochqualifizierten Netzwerkes (dazu geh\u00f6ren verschiedene Institutionen, Haus\u00e4rzt:innen und Selbstst\u00e4ndige im Gesundheitsbereich). So wird sichergestellt, dass Patientinnen und Patienten bestm\u00f6glich versorgt werden. Vesna Widmer ist nach ihrer [&hellip;]<\/p>\n","protected":false},"author":2,"featured_media":0,"parent":0,"menu_order":0,"comment_status":"closed","ping_status":"closed","template":"","meta":{"footnotes":""},"class_list":["post-56","page","type-page","status-publish","hentry"],"_links":{"self":[{"href":"https:\/\/www.nurse4you.ch\/index.php\/wp-json\/wp\/v2\/pages\/56"}],"collection":[{"href":"https:\/\/www.nurse4you.ch\/index.php\/wp-json\/wp\/v2\/pages"}],"about":[{"href":"https:\/\/www.nurse4you.ch\/index.php\/wp-json\/wp\/v2\/types\/page"}],"author":[{"embeddable":true,"href":"https:\/\/www.nurse4you.ch\/index.php\/wp-json\/wp\/v2\/users\/2"}],"replies":[{"embeddable":true,"href":"https:\/\/www.nurse4you.ch\/index.php\/wp-json\/wp\/v2\/comments?post=56"}],"version-history":[{"count":43,"href":"https:\/\/www.nurse4you.ch\/index.php\/wp-json\/wp\/v2\/pages\/56\/revisions"}],"predecessor-version":[{"id":441,"href":"https:\/\/www.nurse4you.ch\/index.php\/wp-json\/wp\/v2\/pages\/56\/revisions\/441"}],"wp:attachment":[{"href":"https:\/\/www.nurse4you.ch\/index.php\/wp-json\/wp\/v2\/media?parent=56"}],"curies":[{"name":"wp","href":"https:\/\/api.w.org\/{rel}","templated":true}]}}